NOAA-Style Climate Reports

Select a Year or Month report
2024: Jan Feb Mar Apr May Jun Jul Aug Sep Oct Nov Dec
2023: Jan Feb Mar Apr May Jun Jul Aug Sep Oct Nov Dec

Report for 2024 July

Daily NOAA report




                            MONTHLY CLIMATOLOGICAL SUMMARY for JUL. 2024

NAME:    CITY:  STATE: 
ELEV:  LAT:  LONG: 

                            TEMPERATURE ( °F), RAIN (in.), WIND SPEED (mph)

                                               HEAT     COOL           AVG
      MEAN                                     DEG      DEG            WIND                       DOM
DAY   TEMP    HIGH   TIME     LOW    TIME      DAYS     DAYS    RAIN   SPEED    HIGH    TIME      DIR
--------------------------------------------------------------------------------------------------------
01    65.8   074.9   14:11    56.0   03:55     00.0     00.9   00.07   01.8     14.9    14:19      E 
02    66.9   075.7   18:29    56.1   00:16     00.0     01.9   00.12   01.2     11.5    17:50      S 
03    72.2   082.4   17:23    60.6   06:06     00.0     07.3   00.00   02.2     19.6    14:01      W 
04    65.2   072.0   11:18    61.3   16:12     00.0     00.3   00.34   00.3     08.1    15:54      N 
05    68.1   079.3   16:57    59.5   05:42     00.0     03.2   00.00   01.4     10.3    12:37      N 
06    69.3   082.0   15:21    57.8   05:28     00.0     04.4   00.21   00.9     10.3    21:45     NNW
07    68.0   080.0   16:33    60.2   04:55     00.0     03.0   00.10   00.9     11.5    19:40     WNW
08    69.6   081.0   15:24    59.3   05:06     00.0     04.7   00.02   00.7     10.3    15:17      NW
09    72.5   083.6   14:49    61.5   05:57     00.0     07.6   00.00   00.6     08.1    15:16     WSW
10    71.1   082.5   12:40    65.4   13:58     00.0     06.1   00.34   00.4     13.8    13:11      NW
11    73.5   084.5   17:01    62.1   06:21     00.0     08.5   00.00   00.3     06.9    17:37     SSW
12    75.6   085.5   15:07    64.7   06:10     00.0     10.7   00.01   00.9     09.2    15:24     ENE
13    75.5   083.9   18:33    67.5   08:53     00.0     10.6   00.78   00.6     23.0    23:48      E 
14    75.7   088.5   16:50    64.0   05:21     00.0     10.8   00.18   01.0     08.1    15:38      W 
--------------------------------------------------------------------------------------------------------
70.6 (71.1)   88.5  day 14     56.0  day 01   000.0    079.9   02.17   00.9     23.0   day 13     WNW
Max >  86: 1
Min <  86: 14
Max Rain: 0.78 ON 13-07-24
Days of Rain: 10 (> .008in) 7 (> .08in) 0 (> 0.8in)